factor of 665462 and 14.
14
Calculate the greatest common divisor of 25549 and 56384.
881
Calculate the greatest common factor of 25000 and 136.
8
Calculate the highest common factor of 434 and 49910.
434
Calculate the highest common factor of 135 and 35445.
15
What is the highest common divisor of 643832 and 224?
56
Calculate the greatest common divisor of 24111 and 1377.
27
What is the greatest common divisor of 1022 and 13832?
14
Calculate the greatest common factor of 227669 and 26.
13
Calculate the highest common factor of 132 and 3820784.
44
What is the greatest common divisor of 254555 and 245?
245
Calculate the greatest common divisor of 368 and 587420.
92
What is the highest common divisor of 11172 and 57624?
588
Calculate the highest common factor of 2222 and 8569.
11
What is the greatest common factor of 7236 and 6885?
27
What is the highest common divisor of 13 and 1684709?
13
Calculate the highest common factor of 780 and 323340.
60
What is the highest common divisor of 21488 and 816?
272
What is the highest common factor of 4158 and 4928?
154
Calculate the greatest common divisor of 2172 and 124347.
543
Calculate the greatest common divisor of 891 and 22923.
81
What is the greatest common divisor of 396 and 7964?
44
What is the highest common factor of 86528 and 1376?
32
What is the greatest common factor of 175 and 1044?
1
Calculate the highest common factor of 273580 and 20.
20
What is the greatest common factor of 18077 and 3?
1
What is the highest common factor of 1332 and 72?
36
What is the highest common divisor of 217140 and 3500?
140
Calculate the highest common divisor of 2831 and 1501.
19
What is the highest common factor of 13923 and 1309?
119
Calculate the greatest common divisor of 126 and 125006.
14
Calculate the greatest common factor of 114075 and 189.
27
Calculate the highest common factor of 456416 and 128.
32
What is the greatest common divisor of 6942 and 11271?
39
What is the highest common factor of 104504 and 16?
8
What is the highest common factor of 1349264 and 1568?
784
What is the highest common divisor of 264462 and 36?
6
Calculate the greatest common factor of 60 and 12910740.
60
Calculate the greatest common divisor of 4 and 304014.
2
Calculate the greatest common divisor of 2100 and 4118800.
700
What is the highest common factor of 113997 and 74?
37
Calculate the greatest common factor of 3450600 and 1080.
1080
What is the highest common factor of 198 and 914067?
99
What is the highest common divisor of 220 and 102245?
55
What is the highest common factor of 994491 and 63?
9
Calculate the highest common divisor of 14810 and 36.
2
What is the greatest common divisor of 7068 and 835791?
1767
What is the greatest common factor of 6798 and 18?
6
Calculate the highest common divisor of 162 and 64.
2
Calculate the greatest common factor of 4395 and 285.
15
Calculate the greatest common factor of 30798 and 580.
58
What is the greatest common divisor of 128 and 1696?
32
Calculate the greatest common divisor of 1218 and 23838.
174
What is the greatest common factor of 121520 and 98?
98
Calculate the highest common divisor of 6426 and 34034.
238
What is the highest common divisor of 230 and 280140?
230
Calculate the greatest common factor of 4876 and 23.
23
What is the highest common divisor of 4395938 and 82?
82
What is the greatest common divisor of 3317 and 40018?
107
Calculate the highest common factor of 11913 and 462.
33
What is the greatest common factor of 835 and 647793?
167
What is the greatest common divisor of 83160 and 10?
10
What is the greatest common factor of 35 and 275?
5
What is the greatest common factor of 63 and 7476399?
63
Calculate the highest common factor of 8049939 and 722.
361
What is the greatest common divisor of 31382 and 11934?
442
What is the highest common divisor of 41 and 1503757?
41
Calculate the highest common factor of 6324 and 345588.
372
What is the greatest common divisor of 252960 and 775?
155
What is the greatest common factor of 7923 and 2085?
417
Calculate the highest common divisor of 21068 and 23.
23
What is the highest common divisor of 2171 and 195?
13
Calculate the greatest common factor of 519 and 3297.
3
What is the highest common factor of 19 and 18128641?
19
Calculate the highest common divisor of 9015 and 20280.
15
What is the highest common divisor of 841296 and 6?
6
Calculate the greatest common divisor of 11403 and 1449.
63
Calculate the greatest common divisor of 742 and 90790.
14
Calculate the greatest common divisor of 673486 and 121.
121
Calculate the greatest common factor of 134383 and 2318.
61
What is the greatest common divisor of 1219824 and 4816?
688
Calculate the highest common divisor of 1417 and 702.
13
Calculate the highest common divisor of 736489 and 39.
13
Calculate the highest common factor of 1574 and 225869.
787
Calculate the highest common factor of 927871 and 1148.
287
Calculate the greatest common divisor of 2496 and 64272.
624
Calculate the greatest common factor of 38502 and 12.
6
What is the greatest common divisor of 1113190 and 5?
5
What is the greatest common factor of 1404 and 225810?
234
Calculate the greatest common divisor of 342888 and 273.
273
What is the greatest common divisor of 1886 and 11234?
82
What is the greatest common divisor of 695 and 1830?
5
What is the highest common divisor of 74811 and 253?
11
What is the highest common factor of 4566964 and 9290?
1858
Calculate the greatest common divisor of 773540 and 20.
20
What is the highest common factor of 13 and 2207?
1
Calculate the greatest common factor of 17122 and 14.
14
What is the highest common factor of 224 and 10486?
14
Calculate the greatest common divisor of 6448 and 378944.
496
Calculate the highest common divisor of 143 and 1190332.
143
Calculate the greatest common divisor of 2157735 and 30.
15
Calculate the highest common factor of 451398 and 897.
69
Calculate the highest common divisor of 5 and 75050.
5
What is the greatest common divisor of 9179 and 2747?
67
Calculate the greatest common factor of 68 and 1394.
34
What is the highest common divisor of 3040 and 53440?
160
Calculate the greatest common factor of 609525 and 2325.
75
Calculate the greatest common divisor of 6472 and 184.
8
Calculate the greatest common divisor of 23579 and 182427.
1241
Calculate the greatest common factor of 297 and 450351.
99
What is the highest common factor of 137 and 49183?
137
Calculate the highest common divisor of 620026 and 44.
22
Calculate the greatest common divisor of 7232 and 64.
64
Calculate the greatest common factor of 366928 and 1258.
34
Calculate the highest common factor of 17289 and 2397.
51
What is the highest common divisor of 26 and 274391?
13
What is the highest common divisor of 10721 and 4544?
71
Calculate the highest common divisor of 3040 and 2.
2
Calculate the greatest common divisor of 8 and 1086144.
8
What is the highest common divisor of 155104 and 1295?
37
What is the greatest common divisor of 208858 and 754?
754
Calculate the highest common factor of 345741 and 264.
33
What is the highest common factor of 842 and 1262158?
842
What is the greatest common factor of 225 and 2715?
15
What is the highest common divisor of 298330 and 110?
10
Calculate the greatest common divisor of 3821747 and 201.
67
Calculate the highest common factor of 3932020 and 1880.
940
What is the highest common factor of 1458 and 174231?
729
What is the greatest common divisor of 1892 and 968?
44
What is the greatest common factor of 24255 and 90?
45
Calculate the highest common divisor of 499 and 2558872.
499
What is the greatest common factor of 77 and 19657?
11
Calculate the highest common factor of 24336 and 32656.
208
What is the highest common factor of 91857 and 12?
3
Calculate the highest common factor of 216 and 16956.
108
What is the highest common divisor of 13944 and 1536?
24
What is the greatest common divisor of 24004 and 2584?
68
Calculate the greatest common factor of 253 and 82060.
11
What is the greatest common divisor of 6919 and 65527?
407
What is the highest common factor of 169 and 197509?
13
Calculate the highest common divisor of 1250826 and 34.
34
What is the highest common factor of 629784 and 288?
72
What is the greatest common 